{"id":109,"date":"2020-04-16T07:53:40","date_gmt":"2020-04-16T07:53:40","guid":{"rendered":"https:\/\/demos.kadencewp.com\/food\/?page_id=109"},"modified":"2026-01-04T11:15:06","modified_gmt":"2026-01-04T10:15:06","slug":"about","status":"publish","type":"page","link":"https:\/\/glid.fr\/?page_id=109","title":{"rendered":"Inscription"},"content":{"rendered":"<div class=\"wp-block-image\">\n<figure class=\"alignright size-full is-resized\"><img loading=\"lazy\" decoding=\"async\" width=\"1016\" height=\"677\" src=\"https:\/\/glid.fr\/wp-content\/uploads\/2024\/11\/DSCF2225-1.webp\" alt=\"\" class=\"wp-image-484\" style=\"width:465px;height:auto\" srcset=\"https:\/\/glid.fr\/wp-content\/uploads\/2024\/11\/DSCF2225-1.webp 1016w, https:\/\/glid.fr\/wp-content\/uploads\/2024\/11\/DSCF2225-1-300x200.webp 300w, https:\/\/glid.fr\/wp-content\/uploads\/2024\/11\/DSCF2225-1-768x512.webp 768w\" sizes=\"auto, (max-width: 1016px) 100vw, 1016px\" \/><\/figure>\n<\/div>\n\n\n<p>Premi\u00e8re s\u00e9ance gratuite<br>Prix \u00e0 la session : 2\u20ac<br>Adh\u00e9sion \u00e0 l&rsquo;ann\u00e9e : 15\u20ac (du 1er Septembre au 31 Ao\u00fbt)<\/p>\n\n\n\n<p>Gratuit pour les moins de 15 ans sous supervision d&rsquo;un parent.<br>Gratuit pour les mineurs entre 15 ans et 18 ans.<\/p>\n\n\n\n<p>L&rsquo;adh\u00e9sion se fait sur notre <a href=\"https:\/\/www.helloasso.com\/associations\/guilde-ludique-intergenerationnelle-doloise\">compte HelloAsso<\/a>, ou en venant la fleur au fusil \u00e0 une de nos sessions !<\/p>\n","protected":false},"excerpt":{"rendered":"<p>Premi\u00e8re s\u00e9ance gratuitePrix \u00e0 la session : 2\u20acAdh\u00e9sion \u00e0 l&rsquo;ann\u00e9e : 15\u20ac (du 1er Septembre au 31 Ao\u00fbt) Gratuit pour les moins de 15 ans sous supervision d&rsquo;un parent.Gratuit pour les mineurs entre 15 ans et 18 ans. L&rsquo;adh\u00e9sion se fait sur notre compte HelloAsso, ou en venant la fleur au fusil \u00e0 une de&#8230;<\/p>\n","protected":false},"author":1,"featured_media":0,"parent":0,"menu_order":0,"comment_status":"closed","ping_status":"closed","template":"","meta":{"_kadence_starter_templates_imported_post":true,"_kad_post_transparent":"","_kad_post_title":"hide","_kad_post_layout":"","_kad_post_sidebar_id":"","_kad_post_content_style":"","_kad_post_vertical_padding":"","_kad_post_feature":"","_kad_post_feature_position":"","_kad_post_header":false,"_kad_post_footer":false,"_kad_post_classname":"","footnotes":""},"class_list":["post-109","page","type-page","status-publish","hentry"],"_links":{"self":[{"href":"https:\/\/glid.fr\/index.php?rest_route=\/wp\/v2\/pages\/109","targetHints":{"allow":["GET"]}}],"collection":[{"href":"https:\/\/glid.fr\/index.php?rest_route=\/wp\/v2\/pages"}],"about":[{"href":"https:\/\/glid.fr\/index.php?rest_route=\/wp\/v2\/types\/page"}],"author":[{"embeddable":true,"href":"https:\/\/glid.fr\/index.php?rest_route=\/wp\/v2\/users\/1"}],"replies":[{"embeddable":true,"href":"https:\/\/glid.fr\/index.php?rest_route=%2Fwp%2Fv2%2Fcomments&post=109"}],"version-history":[{"count":17,"href":"https:\/\/glid.fr\/index.php?rest_route=\/wp\/v2\/pages\/109\/revisions"}],"predecessor-version":[{"id":916,"href":"https:\/\/glid.fr\/index.php?rest_route=\/wp\/v2\/pages\/109\/revisions\/916"}],"wp:attachment":[{"href":"https:\/\/glid.fr\/index.php?rest_route=%2Fwp%2Fv2%2Fmedia&parent=109"}],"curies":[{"name":"wp","href":"https:\/\/api.w.org\/{rel}","templated":true}]}}